 117 - 105) + (1 - 79)?
-72
What is the value of -2 + 6 + (-15 - -4) + (-33 - -40)?
0
Evaluate 0 + 2 - -17 - (-12 + (48 - -19)).
-36
Evaluate (-10 - -33) + (-21 - -6) + 25.
33
Evaluate 188 + 69 - 119 - 91.
47
Calculate -57 + -13 + (-16 - -61) - -57.
32
What is 125 - (93 + 23 + 125)?
-116
What is (-114 - (15 + -9 - 32)) + -21 - (-8 + -2)?
-99
What is the value of -69 + (-9 - (-6 - 1)) + 19?
-52
What is (-107 - 8) + (-17 - (31 + -57))?
-106
What is the value of (20 - (11 + -37)) + -21 - -15?
40
What is the value of 14 - (-1 - (-48 - 2) - (-3870 + 3877))?
-28
What is -49 + (29 - (-42 + 58))?
-36
What is the value of -108 + 97 - (-25 + 12)?
2
What is the value of 90 + -155 - (19 - 85)?
1
Evaluate (82 - (-1 - -4)) + 7 + -6 + 5 + -12.
73
-33 + 16 + 52 - (59 + -27)
3
Calculate 0 - 24 - (6848 - 6767).
-105
What is 4224 + -4223 + 3 + (3 - 11) + 3?
-1
224 - (436 - 182) - (-1 - 5)
-24
Calculate -2 - 73 - -40 - -50.
15
Calculate 46 + -141 + 109 + 9 + 0 + 0.
23
Evaluate -47 + -5 + 17 + (1 - -1) + (4 - 14).
-43
Calculate -71 - (43 - (-31 - -118)).
-27
What is the value of (22 + 17 + -40 - 18) + 9?
-10
(71 - -71 - 281) + -5
-144
What is the value of -7 - ((117 - -45) + -4 + -16) - -20?
-129
Calculate 1036 + -1076 + (-1 - (0 + -1) - -6).
-34
What is 8 + (41 - 29) + (-8 + -4 + 4 - -46)?
58
Evaluate -45 + -18 + 42 - (-7 + 7).
-21
Evaluate (-11 - (58 + -78)) + (-30 - (6 + -2)).
-25
What is 10 - (89 - ((8 - 4) + 6 + (13 - 15)))?
-71
Calculate (-14 + (-11 - -21) - -19) + -12.
3
What is the value of (-239 - -371) + (13 - 117)?
28
(-5 - (-46 + 45) - 1) + -141 + (-1 - -1)
-146
Evaluate -8 + 78 - 32 - (0 - (10 + 4)).
52
Calculate (2 - 1) + -2486 + 2546.
61
-5 + (-8 - (-14 + 4 + -2 - (-72 - 42)))
-115
What is the value of (215 - 191) + (-9 - 13)?
2
9 + (-49 - -90 - (5 - 1))
46
Evaluate 63 - ((-10 - (-13 + 4) - 21) + 15).
70
What is the value of -27 + -54 + (-14 - -41)?
-54
What is the value of 58 + 41 - 71 - 42?
-14
Evaluate 15 + (-24 - (55 + -23) - -9).
-32
Evaluate -27 - -4 - -23 - 10.
-10
Calculate -8 - ((1 - 0) + 2 + -88 + 1 + 3).
73
21 + 0 - (703 + -684) - -17 - 53
-34
Calculate 18 - (-54 - (-89 - -28)).
11
(-3 - -6) + -72 + (18 - 20 - 12) + -12
-95
What is the value of -95 + (5 - 9) - ((-1 - 4) + 6 - 7)?
-93
Evaluate -13 + (-8 - (5 + -121) - (18 + -29)) - 2.
104
Calculate -6 + -76 - (176 + -201).
-57
Calculate -11 + 44 + -46 - (-20 - 13).
20
What is 3 + (-1 - (0 - 43)) - (-292 - -277)?
60
-63 - (123 + (-174 - 108))
96
50 + -115 + 1 + 0 + (1 - 7 - -8)
-62
22 + -5 - ((-17 - -16) + 29) - (-98 + 5)
82
45 + (4 - 12) - 5 - 3 - -13
42
-97 - (62 - -4 - 127)
-36
Evaluate 0 - ((1 + -2 - -4) + -6 + 0 - -33).
-30
(85 + -2 - 5) + -841 + 835
72
What is 10 - (0 - 13 - (-40 - (65 - 39)))?
-43
(0 - -1) + -25 + -425 + 421
-28
What is the value of -39 + (5 + (-10 - 0) - -9 - 2)?
-37
-3 - (1 - -25 - (-13 - (-54 - -25)))
-13
Evaluate 32 - 8 - ((4 - 9) + -12).
41
What is 39 + -4 + (-66 - -33) - (3 + -31)?
30
Evaluate (-38 - (-3 - -2)) + -177 + (128 - -63).
-23
Evaluate 60 - (24 + 14) - -33.
55
Evaluate (35 - 39) + (-8 - (-3 - 1)) + 79.
71
What is the value of 98 - 77 - (-9 - 3)?
33
What is the value of 99 - -2 - (-4 + -5) - (423 + -446)?
133
372 + -355 - ((126 - (10 + -3)) + -7)
-95
Evaluate 66 + -5 + -152 - (-11 - 1).
-79
Evaluate 13 + 25 + -26 + 3 + (-1 - 35).
-21
(13 - -104) + (-24 - (25 + -36) - 4)
100
Calculate -8 + -5 + 50 + 4 + 10.
51
Calculate 13 + 2 + -15 - 1.
-1
-2 + (25 - -3) + 22 + -26 + -2 + -1
19
What is 1 + -2 + -2 + (-10 + 21 - 8) + 35?
35
Evaluate -93 - ((-14 - -4 - -10) + 7 + -18 + -1).
-81
55 + (-3 + 2 - 10) + (66 - 59)
51
68 - (25 - (32 - 55))
20
-80 + 15 + 7 + 28
-30
-152 - (110 + -64 - 100)
-98
-13 + -425 + 422 + (119 + -9 - (4 + -2))
92
What is 32 - (63 - (81 + 36))?
86
(-1 - -26 - 19) + (-2 - (2 - 4))
6
What is -60 + (199 - 131) + -134?
-126
What is the value of -203 - -125 - ((0 - 0) + -2 - (14 + -18))?
-80
(-18 + 56 - (25 + -1)) + 10
24
What is -185 + 152 + -2 + 110?
75
Evaluate -39 + (108 - (21 - 19)).
67
Evaluate 110 + -4 + -3 + 18 + -34 - 0.
87
Calculate 3 - ((-9 - -22) + (15 - -1) + -2).
-24
-27 + 18 + -30 + 37 + -118
-120
Calculate (-1 - 11) + -33 + -29 + 4 + 30.
-40
What is the value of 1060 + -1067 + (-54 - 3)?
-64
Calculate -20 - (3 + 3 + -46).
20
Calculate 1 + 0 + -60 - (22 - (35 - 25) - 12).
-59
Evaluate (13 - 36 - -76) + -6 + 14 + -3 + -5.
53
Evaluate 20 + -3 + (-2 - 17) + (-408 - -477).
67
Evaluate 3853 + -3894 - (0 - 96).
55
What is 2 + 12 + (-48 - -41)?
7
Evaluate (12 - 51) + 69 - 41.
-11
5 - 3 - (2 + (-1 - -3)) - (81 + -86)
3
What is 1 - 10 - ((9 - (24 + -24)) + -4 - -79)?
-93
Calculate 8 + 1 + 49 + (50 - 111) + 120.
117
(-3 + 35 - (4 - 17 - -22)) + (4 - -4)
31
98 + -35 + -73 - (66 - 2)
-74
Calculate -7 - (25 + -37 + 29).
-24
Evaluate -15 - (-1 + 29 + (877 - 836)).
-84
What is 10 + (1 - -1) + 675 + -707?
-20
Evaluate (103 - (29 - -43)) + (13 - 0).
44
Evaluate (-19 - -31) + -20 + 10 + 43.
45
What is -49 + -4 + 4 + -15 + 2 + 21 - 10?
-51
What is (75 - (66 - 16)) + 16 + -1?
40
Calculate (6 - -1) + (-31 - (-11 - 1)) + 8 + -25.
-29
Evaluate -63 + (33 - 6) - -33.
-3
What is the value of -42 - -13 - (-1030 - -1114)?
-113
-19 + 55 + (0 - 61)
-25
-1 - (-3 + 6) - ((-21 - -6) + 61)
-50
Evaluate -2 + 7 + 68 + (5 - 6) + 11 + -12.
71
Calculate (49 - -4) + -8 + 7 + -1.
51
Evaluate -11 + (5 + 2 - 1 - -37 - 7) - 0.
25
Calculate -11 - -36 - (12 + (-1 - (-6 - -11)) + -2).
21
(7 - -26 - 18) + -10 + -8
-3
What is the value of (1 + 5 - 8 - 4) + (116 - 58)?
52
What is (13 - (9 + 27)) + 45?
22
-4 + 1 - 93 - (8250 + -8280)
-66
What is the value of (7 - 5) + (12 - 14) + 8 - 18?
-10
What is the value of -12 + (-6 + (36 - 4) - 6) - -17?
25
Evaluate (18 - (21 - 19)) + -15 + -4 + (-4 - 62).
-69
Calculate 67 + -17 + (11 - 20 - -5).
46
582 - 663 - (-31 - (-10 + 4))
-56
What is 220 + -229 + (-5 + -1 - (9 - 12 - -4))?
-16
Evaluate -1 - 2 - (-9 - ((-9 - -6) + 7)).
10
What is (-9 - -39) + 8 + 3 + 7?
48
Calculate -107 - (47 + -44 + 9 + 0 - (-36 + 40)).
-115
What is (26 - (0 + -12 + 23)) + (-1 - 1) - 91?
-78
What is 101 + -29 + -70 - 27?
-25
Calculate -5 + 1 + (-6 - (22 - 16)) + 10.
-6
Evaluate (14 - 8) + (-26 - -15) + -68 + 1.
-72
Calculate -17 - ((-1 - -5) + (601 - 654)) - -18.
50
-682 + 682 - (7 + -4 + (-14 - -5))
6
What is the value of (-19954 + 19970 - (10 + 2 + -1 + 0)) + 3?
8
What is the value of (-32 - -15 - -8) + (-5 - -5 - -76)?
67
What is -3 + -2 - (-41 - -76) - 14?
-54
17 + -33 + -24 - (3 - 8 - 14)
-21
What is ((-4 - 0) + 22 - 5) + -65 + (-13 - -26)?
-39
What is the value of (-10 - (-7 - -1)) + (-19 - -10) - -5?
-8
What is the value of 25 + (22 + -29 - (-49 - -7))?
60
Evaluate -4 + -5 - (4 - (-11 + 15)) - -6.
-3
What is 6 + (353 - 347 - (-31 + 1))?
42
Calculate 14 - -10 - (0 - 2 - -61).
-35
Calculate -1 + 0 + 11 + (873 - 942 - (-1 - 20)).
-38
Evaluate -57 + (0 - -134 - 42).
35
What is 182 - 171 - (13 - 1) - -12 - 13?
-2
166 + -25 - (-3 + -1) - (26 + 24 + -49)
144
Calculate 89 + -42 + (-20 + 50 - 206).
-129
What is the value of -56 + (-67 + 86 - -78)?
41
Calculate (-595 - -608) + 0 + -21.
-8
(10 - (20 - -5 - (-4 - -12))) + 5 - 3
-5
What is -3 + 36 + -297 + 229?
-35
(-132 + 133 - (1 - -1)) + 8 + 3
10
23 - 0 - -1 - (11 + 6 + -6) - -58
71
What is -54 + 110 + 49 + -101?
4
Calculate -18 + 122 + 215 + -246.
73
12 - (-28 - (-48 + -31))
-39
What is -20 + -21 - ((5 - (4 - 5)) + -13)?
-34
Calculate (11 + 9 - 29 - -14) + (-59 - -1) + -5.
-58
13 + (-56 - (-67 + 8))
16
Calculate -6 - (44 + -61 + 75).
-64
Evaluate (12 - (4 + 74)) + (0 - -12) - -10.
-44
(-60 - (-98 + 39)) + -34 + 1
-34
What is the value of -6 - (-125 - -2) - (1 + -8 + 11 + -3)?
116
Evaluate 75 - (31 + (7 - (19 - 5))).
51
Evaluate -401 + 428 - (-1 + 5) - 21.
2
-5 + -21 + (43 - (25 - 10)) - (-93 - -1)
94
What is the value of 1 + 9 + 19 + 1 + -8?
22
Evaluate 66 - 79 - (1 - 3) - -43.
32
What is 2 - (336 + -334 - (8 + 0))?
8
Calculate 71 + -72 + (0 - 3 - 1) - -45.
40
What is (-4 - -1) + 39 + -2 + (-2222 - -2233)?
45
Evaluate (-11 - (-28 + 22) - -11) + -22.
-16
What is the value of 2 + 29 + 21 + 42 + -52?
42
(1 - -57) + (12 - 23 - ((-1 - 2) + -9))
59
9 + -1 + (-13 - 3) + (0 - 13)
-21
(4 - (-12 + 38)) + 23 + 8
9
Calculate (112 - -21) + (-60 - -28).
101
Calculate (17 + -19 - 11) + 3 - (-1 + 2 + 13).
-24
What is 28 + 1 - (